vative of -a**5/20 + 3*a**4/4 + 7*a**3/3 + 91*a**2/2 + 253*a. What is the tens digit of o(-9)?
2
Suppose 8226*d - 8203*d - 29479 = 288381. What is the tens digit of d?
2
Suppose 3*t + 5*i = 2*i + 93, -5*t + i + 125 = 0. Let q be (5 - 30/(-2))*(-1)/2. What is the units digit of (-8)/q*65/t?
2
Suppose -4*y = 3*k - 2*k + 3, -5*k = -5. Let t = y - 1. Let j(a) = -10*a + 3. What is the tens digit of j(t)?
2
Let l = 63 - 56. Suppose 5*d + 3*b = 14, 2*d + l*b = 2*b - 2. Suppose -324 = -3*i - 3*k, -d*i + 418 = 4*k - 7*k. What is the hundreds digit of i?
1
What is the hundreds digit of (4 - 16235/2)/(15/(-20))?
8
What is the thousands digit of (57/(-9))/((-5)/(10575*1))?
3
Let g(c) = -147*c + 29. Suppose 12 = -4*h - 8. What is the units digit of g(h)?
4
Suppose 3*s - 3*p = -3, -15 = p + 2*p. Let j be (147/s)/((-2)/4) + -1. Let o = j - -2. What is the units digit of o?
0
Suppose 0 = 75*w + 51*w - 1910412. What is the ten thousands digit of w?
1
Suppose 10*p - 12*p = 5*j - 74, -p - 3*j = -39. Suppose 133 = p*i - 245. What is the tens digit of i?
1
Suppose -530 = -5*y + 5*g - 3*g, -2*g + 302 = 3*y. Suppose -2*m - 3*k = -197, -5*m + 605 = -k + y. What is the hundreds digit of m?
1
Suppose 34 = 76*k - 78*k. Let d be (k + 18)/((-2)/32). What is the units digit of (17/(-2))/(116/d - -7)?
4
Let f(p) = 2*p - 1. Let l(y) = 107*y - 349. Let c(g) = -2*f(g) + l(g). What is the hundreds digit of c(14)?
0
Let u = 20 - 1. Let y(g) = 12*g**2 - g**3 + 16*g**2 + u - 8*g - 13*g - 6*g. What is the units digit of y(27)?
9
Let i(x) = 27*x + 5895. What is the units digit of i(0)?
5
Suppose 0 = g - 11 - 6. Suppose -10*a + g*a - 1379 = 0. Suppose a*y - 194*y - 579 = 0. What is the units digit of y?
3
Let w = 146 + -151. What is the tens digit of (-350)/w + -4*(-4)/(-8)?
6
Let j = -795 - -43478. What is the units digit of j?
3
Let n(h) = 3*h**3 - 17*h**2 + 105*h - 99. What is the units digit of n(15)?
6
Let f(k) = 808*k + 4515. What is the thousands digit of f(62)?
4
Let u(j) = -j**3 + 10*j**2 - 5*j - 18. Let i be (9*(-4 + 5))/1. Let r be u(i). Suppose 5*f - 30 = -b, 0 = 4*f - 5*b - 6 - r. What is the units digit of f?
6
Let i(p) be the first derivative of 11*p**3 + p**2/2 + p - 26. Let l be i(-2). Suppose 0 = -16*z - l + 4291. What is the tens digit of z?
6
Suppose 5*r - 11*r = 108. Let a = -22 - r. What is the tens digit of 0 + (a - -4 - -142)?
4
Let g be ((-6)/5)/(3 - 16/5). Suppose 3*v = 4*p - 714, 2*p - g*p + 2*v + 716 = 0. What is the hundreds digit of p?
1
Let d be (2184/(-140))/((-3)/250). Let l = 2132 - d. What is the tens digit of l?
3
Let q(n) = -98*n**3 + 4*n**2 + 8*n + 4. Let b be (36/(-44) - (-14)/(-77))*2. What is the hundreds digit of q(b)?
7
Let d = -2664 - -12663. What is the units digit of d?
9
Let c(n) = 10*n**3 + 3*n**2 - 32*n + 12. What is the tens digit of c(4)?
7
Suppose -5*n + 250 = 5*z, 4*n - 2 = 2*n. Suppose 463*i - 80 = 479*i. Let a = z - i. What is the tens digit of a?
5
Let c = 13232 - 7445. What is the tens digit of c?
8
Let n = 133036 + -82130. What is the thousands digit of n?
0
Let t = 1990 + -1398. Suppose o - 761 = -t. What is the tens digit of o?
6
Let b = 18 + -18. Suppose 0 = -l - 5, b = -0*y - y - 5*l - 20. Suppose -y*j + 4*g = -118, -2*j = -5*g - 34 - 20. What is the tens digit of j?
2
Let n(p) = -6*p**2 - 62*p + 26. Let o be n(-18). Let w = -437 - o. What is the tens digit of w?
6
Let r(i) = i**3 - 58*i**2 + 19*i + 162. What is the thousands digit of r(59)?
4
Let w be -27 - -691 - (-8)/6*-3. Suppose -2*b + 2026 = 3*m + 716, -b + w = -m. What is the units digit of b?
8
Let o(l) = -18*l**2 - 18*l**2 + 2*l + 37*l**2 + 0*l. What is the units digit of o(4)?
4
Let w(b) be the second derivative of 2*b**4/3 + b**3/6 + 392*b**2 + 130*b. What is the units digit of w(0)?
4
What is the tens digit of 3158 + (1*-7 - (25/1)/(-5))?
5
Suppose -2*w + 8858 = -16*f, 0 = -12*w + 15*w + 3*f - 13152. What is the tens digit of w?
8
Let k = -168 - -293. Let j = 207 - k. What is the tens digit of j?
8
Suppose -5*t + 48*f = 50*f - 272172, -4*f - 272166 = -5*t. What is the units digit of t?
4
Let m = -6834 + 15368. What is the thousands digit of m?
8
Let x(w) = -157*w - 86. Let j = -587 + 578. What is the units digit of x(j)?
7
Let x(q) = 564*q**2 - 185*q - 1246. What is the ten thousands digit of x(-7)?
2
Let u(n) = -10048*n + 66. What is the ten thousands digit of u(-1)?
1
Suppose -2*i + 14270 = -2*g, 57*g = -5*i + 61*g + 35673. What is the hundreds digit of i?
1
Suppose 0*i + 5*n + 3 = 2*i, -2*i + 7 = -n. What is the units digit of (4/12*-349)/(i/(-12))?
9
Let s(k) = 19*k**2 - 5*k + 1. Let x(o) = o**2 + 10*o - 15. Let g be x(-11). Let f be (8/(-3) + 0)*3/g. What is the units digit of s(f)?
7
Let j(d) = -3*d**3 - 4*d**2 - 2. Let n be j(-2). Let l be n/8 + 5/20. Let t(f) = 57*f**2 + 2*f - 1. What is the tens digit of t(l)?
5
Suppose 0 = 4*n + n + 4*s - 3*s, 0 = -s. Suppose 0 = -6*b + 5*b + 2*c + 883, n = -2*b + 3*c + 1764. What is the hundreds digit of b?
8
What is the ten thousands digit of (76519/5 - 2) + 108/(-135)?
1
Suppose -1308556 = -1622*b + 1543*b. What is the thousands digit of b?
6
Let z = -42 - -44. Let f be 475/z - (-2)/(-4). Suppose 430 = 5*i - 3*r + 35, 0 = 3*i - 2*r - f. What is the units digit of i?
9
Suppose 2*g + 375 + 2417 = 2*w, 2*g - 5590 = -4*w. Suppose -2*o = 4*u + 663 - 2081, -4*u + 5*o = -w. What is the units digit of u?
3
Suppose -3*u + 50197 - 1561 = l, 0 = 10*u - 2*l - 162152. What is the tens digit of u?
1
Let j(p) = -9*p**3 - 2*p**2 + 3*p - 3. Let f be j(3). Let n = -225 - f. What is the tens digit of n?
3
Let l(u) be the third derivative of -u**6/120 + u**5/4 - 37*u**4/24 - 4*u**3 - 30*u**2. What is the tens digit of l(11)?
5
Let p(x) = -2 - 5*x + 3*x + 3. Let s be p(-10). Suppose 65 = 2*v - s. What is the units digit of v?
3
Suppose 3*v - 9984 - 450 = 3*g, -2*v + 6951 = -g. What is the tens digit of v?
7
Let i be (4/6)/((-6)/(-81)). Suppose 31*c - 2441 - 16469 = 0. Suppose z = -i*z + c. What is the tens digit of z?
6
Let y be 69/161 - 584/56. Let d be (-2 - -16)*(-1 + 11). Let a = d - y. What is the units digit of a?
0
Suppose 4*s = -5*u - 0*s + 423, -5*u - 2*s = -429. Let c = u - 32. Suppose -3*p + c + 764 = 0. What is the tens digit of p?
7
Suppose -41*z - 2956 = 1759. Let h = -339 + 136. Let f = z - h. What is the tens digit of f?
8
Let w = -7 - -4. Let n(y) = 9*y**3 + 4*y**2 - 4*y - 11. Let j(a) = 26*a**3 + 11*a**2 - 12*a - 31. Let r(c) = -6*j(c) + 17*n(c). What is the tens digit of r(w)?
8
Let p(q) = 14*q**2 - 164*q + 83. What is the hundreds digit of p(48)?
4
Let v be (-112)/64 + (-2)/8. Let q be (0/v + -16)*17. Let i = 413 + q. What is the units digit of i?
1
Let r = 368 + -853. Let g = -322 - r. What is the hundreds digit of g?
1
Let z = 35137 - 16502. What is the hundreds digit of z?
6
Let h(b) = b**3 - 7*b**2 - 6*b - 10. Let l(r) = -9*r - 7. Let o be l(-2). What is the tens digit of h(o)?
0
Suppose -62*l - 27134 = -64*l + w, 0 = l - 2*w - 13561. What is the ten thousands digit of l?
1
Suppose 5*y - 9*y = -33*y + 174638. What is the units digit of y?
2
Let d(y) = 3*y**3 - 11*y**2 - 4*y + 4. Let b(c) = -3 - 4*c - 12*c**2 - 3 + 3 + 7 + 4*c**3. Let m(w) = -5*b(w) + 6*d(w). What is the units digit of m(-6)?
4
Let a be (10/(-8) + 1)*(-24)/(-6). What is the units digit of a + 448 + (3 - 5)?
5
Suppose -2*n = 2*k - 20, -4*k = 2*n - 7*k - 45. Let u be ((-15)/6)/(n/(-12)). What is the units digit of (-36)/(u/(-4 - 0) + 0)?
2
Let m = 110662 + -72027. What is the tens digit of m?
3
Let p(u) = -258*u**3 - u**2 - 3*u + 3. Let a be p(1). Let k = -49 - a. What is the tens digit of k?
1
Let i(f) = 8*f**3 - 9*f**3 + 6*f**2 + 2*f**2. Let g = 452 + -446. What is the units digit of i(g)?
2
Suppose 4*t - 401462 = -18*t - 62266. What is the hundreds digit of t?
4
Suppose 2*x + 5*x - 14 = 0. Suppose -x*w = -h - 3, -h + 0*h + 18 = 5*w. Suppose -4*i + 141 = h*v, -3*i = -2*v - v + 120. What is the units digit of v?
3
Suppose -4*r + 305 = -x + 63, -5*r + 307 = x. Let h = r + -28. Let q = h + 8. What is the units digit of q?
1
Suppose 296 = 4*o - 668. Let c = 550 - o. What is the hundreds digit of c?
3
Let v(p) = 382*p**2 - 46*p + 188. Let j(s) = -127*s**2 + 15*s - 63. Let u(n) = 11*j(n) + 4*v(n). What is the thousands digit of u(3)?
1
Let b = 244